{"id":18,"date":"2018-07-21T22:17:05","date_gmt":"2018-07-22T01:17:05","guid":{"rendered":"http:\/\/seanima.org\/content\/?page_id=18"},"modified":"2019-07-11T18:41:01","modified_gmt":"2019-07-11T21:41:01","slug":"submissao","status":"publish","type":"page","link":"http:\/\/seanima.org\/content\/submissao\/","title":{"rendered":"submiss\u00e3o curtas"},"content":{"rendered":"<p><a href=\"https:\/\/docs.google.com\/forms\/d\/e\/1FAIpQLSfe9UpK7P-OgyxmPfQkC4XnvwmoHmlTLx5JRfpKifn-DlfIEQ\/viewform\"><img loading=\"lazy\" decoding=\"async\" class=\"alignnone wp-image-376\" src=\"http:\/\/seanima.org\/content\/wp-content\/uploads\/2019\/07\/inscricao-mostra-curtas-300x68.png\" alt=\"\" width=\"556\" height=\"126\" srcset=\"http:\/\/seanima.org\/content\/wp-content\/uploads\/2019\/07\/inscricao-mostra-curtas-300x68.png 300w, http:\/\/seanima.org\/content\/wp-content\/uploads\/2019\/07\/inscricao-mostra-curtas-768x175.png 768w, http:\/\/seanima.org\/content\/wp-content\/uploads\/2019\/07\/inscricao-mostra-curtas-1024x233.png 1024w\" sizes=\"auto, (max-width: 556px) 100vw, 556px\" \/><\/a><\/p>\n<p><span style=\"color: #808000;\"><strong><a style=\"color: #808000;\" href=\"https:\/\/docs.google.com\/forms\/d\/e\/1FAIpQLSfe9UpK7P-OgyxmPfQkC4XnvwmoHmlTLx5JRfpKifn-DlfIEQ\/viewform\">Inscri\u00e7\u00e3o Mostra Curtas 2019 &#8211; Escolas de Anima\u00e7\u00e3o &#8211; At\u00e9 13 de Julho<\/a><\/strong><\/span><\/p>\n<p>Na segunda-feira, 15 de Julho, durante a realiza\u00e7\u00e3o da Seanima,\u00a0 ocorre a Mostra de curtas-metragens de escolas brasileiras, com o tempo de 10 minutos para cada escola de anima\u00e7\u00e3o, audiovisual, design ou \u00e1reas correlatas que desejar inscrever trabalhos. A submiss\u00e3o ocorre at\u00e9 13\/7 atrav\u00e9s do formul\u00e1rio dispon\u00edvel neste website. Ser\u00e1 dada prioridade a exibi\u00e7\u00e3o dos filmes que tiverem representantes da escola presentes na confer\u00eancia. No caso de d\u00favidas, basta esclarecer por meio do e-mail <a href=\"mailto:contato.seanima@gmail.com\">contato.seanima@gmail.com<\/a>.<\/p>\n<p><span style=\"color: #993300;\"><a style=\"color: #993300;\" href=\"https:\/\/docs.google.com\/forms\/d\/e\/1FAIpQLSfe9UpK7P-OgyxmPfQkC4XnvwmoHmlTLx5JRfpKifn-DlfIEQ\/viewform\">clique aqui para se inscrever<\/a><\/span><\/p>\n<p>&nbsp;<\/p>\n","protected":false},"excerpt":{"rendered":"<p>Inscri\u00e7\u00e3o Mostra Curtas 2019 &#8211; Escolas de Anima\u00e7\u00e3o &#8211; At\u00e9 13 de Julho Na segunda-feira, 15 de Julho, durante a realiza\u00e7\u00e3o da Seanima,\u00a0 ocorre a Mostra de curtas-metragens de escolas brasileiras, com o tempo de 10 minutos para cada escola de anima\u00e7\u00e3o, audiovisual, design ou \u00e1reas correlatas que desejar inscrever trabalhos. A submiss\u00e3o ocorre at\u00e9 &hellip; <\/p>\n<p class=\"link-more\"><a href=\"http:\/\/seanima.org\/content\/submissao\/\" class=\"more-link\">Continue lendo<span class=\"screen-reader-text\"> &#8220;submiss\u00e3o curtas&#8221;<\/span><\/a><\/p>\n","protected":false},"author":1,"featured_media":0,"parent":0,"menu_order":0,"comment_status":"closed","ping_status":"closed","template":"","meta":{"footnotes":"","_links_to":"","_links_to_target":""},"class_list":["post-18","page","type-page","status-publish","hentry"],"_links":{"self":[{"href":"http:\/\/seanima.org\/content\/wp-json\/wp\/v2\/pages\/18","targetHints":{"allow":["GET"]}}],"collection":[{"href":"http:\/\/seanima.org\/content\/wp-json\/wp\/v2\/pages"}],"about":[{"href":"http:\/\/seanima.org\/content\/wp-json\/wp\/v2\/types\/page"}],"author":[{"embeddable":true,"href":"http:\/\/seanima.org\/content\/wp-json\/wp\/v2\/users\/1"}],"replies":[{"embeddable":true,"href":"http:\/\/seanima.org\/content\/wp-json\/wp\/v2\/comments?post=18"}],"version-history":[{"count":23,"href":"http:\/\/seanima.org\/content\/wp-json\/wp\/v2\/pages\/18\/revisions"}],"predecessor-version":[{"id":398,"href":"http:\/\/seanima.org\/content\/wp-json\/wp\/v2\/pages\/18\/revisions\/398"}],"wp:attachment":[{"href":"http:\/\/seanima.org\/content\/wp-json\/wp\/v2\/media?parent=18"}],"curies":[{"name":"wp","href":"https:\/\/api.w.org\/{rel}","templated":true}]}}