{"id":680,"date":"2024-07-20T00:07:46","date_gmt":"2024-07-20T03:07:46","guid":{"rendered":"http:\/\/seanima.org\/content\/?page_id=680"},"modified":"2024-09-21T18:38:59","modified_gmt":"2024-09-21T21:38:59","slug":"chamada-2024","status":"publish","type":"page","link":"http:\/\/seanima.org\/content\/chamada-2024\/","title":{"rendered":"Chamada 2024"},"content":{"rendered":"<h1><strong>SeAnima CHAMADA 2024 \u2013 edi\u00e7\u00e3o<i>\u00a0on-line<\/i><\/strong><\/h1>\n<p><span style=\"font-weight: 400;\">Est\u00e1 aberta a <\/span><b>chamada de trabalhos para a quinta edi\u00e7\u00e3o do Semin\u00e1rio Brasileiro de Estudos em Anima\u00e7\u00e3o (SeAnima)<\/b><span style=\"font-weight: 400;\">, evento que re\u00fane pesquisadores das \u00e1reas de cinema, audiovisual e <\/span><i><span style=\"font-weight: 400;\">design<\/span><\/i><span style=\"font-weight: 400;\"> do Brasil e suas correla\u00e7\u00f5es nos campos de <\/span><i><span style=\"font-weight: 400;\">games, motion graphics<\/span><\/i><span style=\"font-weight: 400;\"> e efeitos visuais.<\/span> <span style=\"font-weight: 400;\">O evento ser\u00e1 realizado on-line de <\/span><b>26, 27 e 28 de Novembro de 2024<\/b><span style=\"font-weight: 400;\">.<\/span> <span style=\"font-weight: 400;\">Ser\u00e3o aceitas propostas de apresenta\u00e7\u00f5es nos seguintes eixos tem\u00e1ticos:<\/span><\/p>\n<ul>\n<li style=\"list-style-type: none;\">\n<ul>\n<li style=\"font-weight: 400;\" aria-level=\"1\"><b>Interdisciplinaridade na Anima\u00e7\u00e3o: <\/b><span style=\"font-weight: 400;\">intersec\u00e7\u00f5es da anima\u00e7\u00e3o com o cinema, audiovisual e <\/span><i><span style=\"font-weight: 400;\">design<\/span><\/i><span style=\"font-weight: 400;\"> em suas \u00e1reas correlatas (<\/span><i><span style=\"font-weight: 400;\">games, motion graphics<\/span><\/i><span style=\"font-weight: 400;\"> e efeitos visuais).<\/span><\/li>\n<li style=\"font-weight: 400;\" aria-level=\"1\"><b>Processos da Anima\u00e7\u00e3o: <span style=\"font-weight: 400;\">relatos, an\u00e1lises e reflex\u00f5es feitas acerca dos processos de cria\u00e7\u00e3o e produ\u00e7\u00e3o de anima\u00e7\u00f5es.<\/span><\/b><\/li>\n<li style=\"font-weight: 400;\" aria-level=\"1\"><strong>Est\u00e9ticas Animadas:<\/strong> <span style=\"font-weight: 400;\">estudos e teoriza\u00e7\u00f5es da linguagem da anima\u00e7\u00e3o nas suas diversas express\u00f5es (visual, cin\u00e9tica, dentre outras).<\/span><\/li>\n<li style=\"font-weight: 400;\" aria-level=\"1\"><strong>Anima\u00e7\u00e3o, Forma\u00e7\u00e3o e Educa\u00e7\u00e3o:<\/strong> <span style=\"font-weight: 400;\">m\u00e9todos pedag\u00f3gicos de ensino-aprendizagem da anima\u00e7\u00e3o nos diversos n\u00edveis de forma\u00e7\u00e3o (t\u00e9cnico, gradua\u00e7\u00e3o, p\u00f3s-gradua\u00e7\u00e3o, entre outros).\u00a0<\/span><\/li>\n<li style=\"font-weight: 400;\" aria-level=\"1\"><b>Anima\u00e7\u00e3o, Sociedade e Mercado:<\/b><span style=\"font-weight: 400;\"> debates, an\u00e1lises e perspectivas sobre as pr\u00e1ticas s\u00f3cio-culturais, econ\u00f4micas e profissionais em torno da anima\u00e7\u00e3o.<\/span><\/li>\n<li style=\"font-weight: 400;\" aria-level=\"1\"><b>Panorama Hist\u00f3rico<\/b><span style=\"font-weight: 400;\">: registros e an\u00e1lises sobre autoria, ind\u00fastria, movimentos art\u00edsticos e t\u00e9cnicas de anima\u00e7\u00e3o.<\/span><\/li>\n<li style=\"font-weight: 400;\" aria-level=\"1\"><b>Narrativas Animadas: <\/b><span style=\"font-weight: 400;\">processos e intera\u00e7\u00f5es entre linguagens (escrita, visual e audiovisual) no que tange \u00e0 narrativa, seja ela linear ou n\u00e3o.<\/span><\/li>\n<\/ul>\n<\/li>\n<\/ul>\n<p><span style=\"font-weight: 400;\">Essas mesas tem\u00e1ticas s\u00e3o compostas pela apresenta\u00e7\u00e3o de <\/span><b>resumos, por 20 minutos, ao vivo, em streaming<\/b><span style=\"font-weight: 400;\">, atrav\u00e9s do canal do SeAnima: https:\/\/www.youtube.com\/seanima-br<\/span> <b>Requisitos para a submiss\u00e3o:<\/b> <span style=\"font-weight: 400;\">a) resumo expandido (entre 2000 e 4000 caracteres com espa\u00e7o);<\/span> <span style=\"font-weight: 400;\">b) refer\u00eancias bibliogr\u00e1ficas (at\u00e9 1000 caracteres com espa\u00e7o);<\/span> <span style=\"font-weight: 400;\">c) mini-bio (at\u00e9 500 caracteres).<\/span> <span style=\"font-weight: 400;\">O prazo final para as submiss\u00f5es<\/span>\u00a0foi prorrogado\u00a0<b>para o dia<\/b>\u00a0<strong>30<\/strong><b>\u00a0de setembro de 2024<\/b><span style=\"font-weight: 400;\">.<\/span><span style=\"font-weight: 400;\">\u00a0As inscri\u00e7\u00f5es podem ser realizadas por meio do\u00a0<\/span><a href=\"https:\/\/forms.gle\/jveRZmmq4rCg6cJGA\"><span style=\"font-weight: 400;\">formul\u00e1rio online<\/span><\/a><span style=\"font-weight: 400;\">. Os resultados da avalia\u00e7\u00e3o, com os pareceres, ser\u00e3o comunicados, via e-mail,<\/span> <b>at\u00e9 31 de outubro<\/b><span style=\"font-weight: 400;\">.<\/span> <b>Observa\u00e7\u00f5es:<\/b> <span style=\"font-weight: 400;\">As inscri\u00e7\u00f5es est\u00e3o abertas a realizadores, pesquisadores e docentes da \u00e1rea, independente de titula\u00e7\u00e3o. <\/span> <i><span style=\"font-weight: 400;\">D\u00favidas adicionais: estamos \u00e0 disposi\u00e7\u00e3o no e-mail <\/span><\/i><b><i>contato.seanima@gmail.com<\/i><\/b> <b>Comiss\u00e3o Organizadora 2024<\/b><b> <\/b><span style=\"font-weight: 400;\">Carla Schneider (UFPEL-RS), Claudia Bolshaw (PUC-Rio), Daniel Pinna (UFF), Eliane Gordeeff (CIEBA\/FBAUL e UFRJ), Gabriel Cruz (UFF), Giselle Carvalho (UVA), Marcelus Gaio (UFRJ), Marcos Buccini (UFPE), Raphael Argento (IFRJ) e Sergio Nesteriuk (UAM-SP).<\/span><\/p>\n","protected":false},"excerpt":{"rendered":"<p>SeAnima CHAMADA 2024 \u2013 edi\u00e7\u00e3o\u00a0on-line Est\u00e1 aberta a chamada de trabalhos para a quinta edi\u00e7\u00e3o do Semin\u00e1rio Brasileiro de Estudos em Anima\u00e7\u00e3o (SeAnima), evento que re\u00fane pesquisadores das \u00e1reas de cinema, audiovisual e design do Brasil e suas correla\u00e7\u00f5es nos campos de games, motion graphics e efeitos visuais. O evento ser\u00e1 realizado on-line de 26, &hellip; <\/p>\n<p class=\"link-more\"><a href=\"http:\/\/seanima.org\/content\/chamada-2024\/\" class=\"more-link\">Continue lendo<span class=\"screen-reader-text\"> &#8220;Chamada 2024&#8221;<\/span><\/a><\/p>\n","protected":false},"author":12,"featured_media":0,"parent":0,"menu_order":0,"comment_status":"closed","ping_status":"closed","template":"","meta":{"footnotes":"","_links_to":"","_links_to_target":""},"class_list":["post-680","page","type-page","status-publish","hentry"],"_links":{"self":[{"href":"http:\/\/seanima.org\/content\/wp-json\/wp\/v2\/pages\/680","targetHints":{"allow":["GET"]}}],"collection":[{"href":"http:\/\/seanima.org\/content\/wp-json\/wp\/v2\/pages"}],"about":[{"href":"http:\/\/seanima.org\/content\/wp-json\/wp\/v2\/types\/page"}],"author":[{"embeddable":true,"href":"http:\/\/seanima.org\/content\/wp-json\/wp\/v2\/users\/12"}],"replies":[{"embeddable":true,"href":"http:\/\/seanima.org\/content\/wp-json\/wp\/v2\/comments?post=680"}],"version-history":[{"count":9,"href":"http:\/\/seanima.org\/content\/wp-json\/wp\/v2\/pages\/680\/revisions"}],"predecessor-version":[{"id":694,"href":"http:\/\/seanima.org\/content\/wp-json\/wp\/v2\/pages\/680\/revisions\/694"}],"wp:attachment":[{"href":"http:\/\/seanima.org\/content\/wp-json\/wp\/v2\/media?parent=680"}],"curies":[{"name":"wp","href":"https:\/\/api.w.org\/{rel}","templated":true}]}}